{"id":504,"date":"2018-08-30T13:03:19","date_gmt":"2018-08-30T13:03:19","guid":{"rendered":"http:\/\/local.test\/fullscene\/demo-1\/?page_id=504"},"modified":"2026-04-13T07:38:49","modified_gmt":"2026-04-13T07:38:49","slug":"about-us","status":"publish","type":"page","link":"https:\/\/skladniearchaiczny.pl\/","title":{"rendered":"About Us"},"content":{"rendered":"\t\t<div data-elementor-type=\"wp-post\" data-elementor-id=\"504\" class=\"elementor elementor-504\">\n\t\t\t\t\t\t<section class=\"elementor-section elementor-top-section elementor-element elementor-element-3cbd7e6 elementor-section-stretched 3 elementor-section-boxed elementor-section-height-default elementor-section-height-default\" data-id=\"3cbd7e6\" data-element_type=\"section\" id=\"3\" data-settings=\"{&quot;stretch_section&quot;:&quot;section-stretched&quot;,&quot;background_background&quot;:&quot;classic&quot;}\">\n\t\t\t\t\t\t\t<div class=\"elementor-background-overlay\"><\/div>\n\t\t\t\t\t\t\t<div class=\"elementor-container elementor-column-gap-default\">\n\t\t\t\t\t<div class=\"elementor-column elementor-col-100 elementor-top-column elementor-element elementor-element-12f88ad\" data-id=\"12f88ad\" data-element_type=\"column\">\n\t\t\t<div class=\"elementor-widget-wrap\">\n\t\t\t\t\t\t\t<\/div>\n\t\t<\/div>\n\t\t\t\t\t<\/div>\n\t\t<\/section>\n\t\t\t\t<section class=\"elementor-section elementor-top-section elementor-element elementor-element-5f6fa9c4 1 elementor-section-boxed elementor-section-height-default elementor-section-height-default\" data-id=\"5f6fa9c4\" data-element_type=\"section\" id=\"1\" data-settings=\"{&quot;background_background&quot;:&quot;classic&quot;}\">\n\t\t\t\t\t\t<div class=\"elementor-container elementor-column-gap-no\">\n\t\t\t\t\t<div class=\"elementor-column elementor-col-50 elementor-top-column elementor-element elementor-element-77a4f3b2\" data-id=\"77a4f3b2\" data-element_type=\"column\">\n\t\t\t<div class=\"elementor-widget-wrap elementor-element-populated\">\n\t\t\t\t\t\t<div class=\"elementor-element elementor-element-27f913c8 elementor-widget-mobile__width-initial elementor-widget elementor-widget-heading\" data-id=\"27f913c8\" data-element_type=\"widget\" data-widget_type=\"heading.default\">\n\t\t\t\t<div class=\"elementor-widget-container\">\n\t\t\t\t\t<h3 class=\"elementor-heading-title elementor-size-default\">Sk\u0142ad Niearchaiczny<\/h3>\t\t\t\t<\/div>\n\t\t\t\t<\/div>\n\t\t\t\t\t<\/div>\n\t\t<\/div>\n\t\t\t\t<div class=\"elementor-column elementor-col-50 elementor-top-column elementor-element elementor-element-56ed4a73\" data-id=\"56ed4a73\" data-element_type=\"column\">\n\t\t\t<div class=\"elementor-widget-wrap elementor-element-populated\">\n\t\t\t\t\t\t<div class=\"elementor-element elementor-element-5cad6494 elementor-widget elementor-widget-text-editor\" data-id=\"5cad6494\" data-element_type=\"widget\" data-widget_type=\"text-editor.default\">\n\t\t\t\t<div class=\"elementor-widget-container\">\n\t\t\t\t\t\t\t\t\t<p><b>Muzyka Sk\u0142adu Niearchaicznego to esencja beskidzkich przestrzeni: rozleg\u0142ych, swobodnych i pe\u0142nych kontrast\u00f3w. To pr\u00f3ba uchwycenia ducha g\u00f3rskiego krajobrazu.<\/b><\/p>\n<p>Zesp\u00f3\u0142 czerpie z tradycji G\u00f3rali \u017bywieckich, ale nie traktuje jej jak skansenu. Tworzy muzyk\u0119, kt\u00f3ra jest zar\u00f3wno g\u0142\u0119boko zakorzeniona, jak i \u015bwiadomie wsp\u00f3\u0142czesna. To nie rekonstrukcja folkloru, lecz jego kontynuacja. D\u017awi\u0119ki, kt\u00f3re \u0142\u0105cz\u0105 archaiczn\u0105 surowo\u015b\u0107 z nowoczesn\u0105 wra\u017cliwo\u015bci\u0105. Opowie\u015b\u0107 o czasie, pami\u0119ci i tym, co z tradycji pozostaje w nas do dzi\u015b.<\/p>\n<p><b>Marta Matuszna<\/b> \u2013 skrzypce \u015bpiew<br><b>Przemys\u0142aw Ficek<\/b> \u2013 dudy, instrumenty pasterskie<br><b>Stanis\u0142aw Bafia <\/b>\u2013 alt\u00f3wka, \u015bpiew<br><b>Rafa\u0142 Ba\u0142a\u015b<\/b> \u2013 kontrabas<\/p>\n<p><b>Wybrane koncerty:<\/b><br>\u25b8 &#8222;Ethno Jazz Beskidy&#8221; w Rycerce G\u00f3rnej &#8211; 2025<br>\u25b8 III Festiwal Kultury Regionalnej w Domu Urodzenia Fryderyka Chopina w \u017belazowej Woli &#8211; 2025<br>\u25b8 &#8222;Jarmark \u015awi\u0119toja\u0144ski&#8221; w Krakowie &#8211; 2024<br>\u25b8&nbsp;&#8222;N\u00e9pzen\u00e9szb\u00e1l&#8221; &#8211; Fon\u00f3 Budai Zeneh\u00e1z w Budapeszcie &#8211; 2024<br>\u25b8&nbsp;&#8222;Polske filmdager FOLKLOVE&#8221; w R\u00f8ed G\u00e5rd p\u00e5 Jel\u00f8y (Norwegia) &#8211; 2023<br>\u25b8&nbsp;&#8222;Wszystkie Mazurki \u015awiata&#8221; w Warszawie &#8211; 2021<br>\u25b8&nbsp;&#8222;Podlaska Oktawa Kultur&#8221; w Bia\u0142ymstoku &#8211; 2019<br>\u25b8&nbsp;Festiwal &#8222;Niepodleg\u0142a&#8221; w Warszawie &#8211; 2018-2025<br>\u25b8&nbsp;WOMEX \u2013 World Music Expo w Katowicach &#8211; 2017<br>\u25b8&nbsp;20. Festiwal Folkowy Polskiego Radia \u201eNowa Tradycja\u201d &#8211; 2017 (nagroda specjalna: Z\u0142ote G\u0119\u015ble)<br>\u25b8&nbsp;I Og\u00f3lnopolska Konferencja Instrumentologiczna w Ostromecku &#8211; 2017<br>\u25b8&nbsp;\u201eCzech Music Crossroads\u201d w Ostravie &#8211; 2017<br>\u25b8&nbsp;26. Festiwal \u201eMiko\u0142ajki Folkowe\u201d w Lublinie &#8211; 2016,&nbsp;<\/p>\t\t\t\t\t\t\t\t<\/div>\n\t\t\t\t<\/div>\n\t\t\t\t\t<\/div>\n\t\t<\/div>\n\t\t\t\t\t<\/div>\n\t\t<\/section>\n\t\t<div class=\"elementor-element elementor-element-5ce5e0f e-flex e-con-boxed e-con e-parent\" data-id=\"5ce5e0f\" data-element_type=\"container\">\n\t\t\t\t\t<div class=\"e-con-inner\">\n\t\t\t\t<div class=\"elementor-element elementor-element-85d5816 elementor-widget elementor-widget-video\" data-id=\"85d5816\" data-element_type=\"widget\" data-settings=\"{&quot;youtube_url&quot;:&quot;https:\\\/\\\/www.youtube.com\\\/watch?v=q08M7rxIHAU&quot;,&quot;video_type&quot;:&quot;youtube&quot;,&quot;controls&quot;:&quot;yes&quot;}\" data-widget_type=\"video.default\">\n\t\t\t\t<div class=\"elementor-widget-container\">\n\t\t\t\t\t\t\t<div class=\"elementor-wrapper elementor-open-inline\">\n\t\t\t<div class=\"elementor-video\"><\/div>\t\t<\/div>\n\t\t\t\t\t\t<\/div>\n\t\t\t\t<\/div>\n\t\t\t\t\t<\/div>\n\t\t\t\t<\/div>\n\t\t<div class=\"elementor-element elementor-element-d2a2e9a e-grid e-con-boxed e-con e-parent\" data-id=\"d2a2e9a\" data-element_type=\"container\" data-settings=\"{&quot;background_background&quot;:&quot;classic&quot;}\">\n\t\t\t\t\t<div class=\"e-con-inner\">\n\t\t\t\t<div class=\"elementor-element elementor-element-95e2a22 elementor-widget elementor-widget-heading\" data-id=\"95e2a22\" data-element_type=\"widget\" data-widget_type=\"heading.default\">\n\t\t\t\t<div class=\"elementor-widget-container\">\n\t\t\t\t\t<h3 class=\"elementor-heading-title elementor-size-default\">kontakt<\/h3>\t\t\t\t<\/div>\n\t\t\t\t<\/div>\n\t\t\t\t<div class=\"elementor-element elementor-element-c42a261 elementor-widget elementor-widget-text-editor\" data-id=\"c42a261\" data-element_type=\"widget\" data-widget_type=\"text-editor.default\">\n\t\t\t\t<div class=\"elementor-widget-container\">\n\t\t\t\t\t\t\t\t\t<p>+48 500 488 112<br>skladniearchaiczny@gmail.com<\/p>\t\t\t\t\t\t\t\t<\/div>\n\t\t\t\t<\/div>\n\t\t\t\t<div class=\"elementor-element elementor-element-0a5304e elementor-widget elementor-widget-text-editor\" data-id=\"0a5304e\" data-element_type=\"widget\" data-widget_type=\"text-editor.default\">\n\t\t\t\t<div class=\"elementor-widget-container\">\n\t\t\t\t\t\t\t\t\t<p><a href=\"http:\/\/skladniearchaiczny.pl\/wp-content\/uploads\/2026\/04\/SkladNiearchaiczny.pdf\" target=\"_blank\" rel=\"noopener\">PRESSPACK<\/a><br \/><a href=\"http:\/\/skladniearchaiczny.pl\/wp-content\/uploads\/2025\/04\/SkladNiearchaiczny_rider.pdf\" target=\"_blank\" rel=\"noopener\">RIDER<\/a><br \/><a href=\"https:\/\/skladniearchaiczny.pl\/wp-content\/uploads\/2025\/04\/SN1.jpg\" target=\"_blank\" rel=\"noopener\">FOTO 1<\/a> | <a href=\"https:\/\/skladniearchaiczny.pl\/wp-content\/uploads\/2025\/04\/SN2.jpg\" target=\"_blank\" rel=\"noopener\">FOTO 2<\/a> | <a href=\"https:\/\/skladniearchaiczny.pl\/wp-content\/uploads\/2025\/04\/SN3.jpg\" target=\"_blank\" rel=\"noopener\">FOTO 3<\/a><\/p>\t\t\t\t\t\t\t\t<\/div>\n\t\t\t\t<\/div>\n\t\t\t\t<div class=\"elementor-element elementor-element-483bb64 elementor-widget elementor-widget-image\" data-id=\"483bb64\" data-element_type=\"widget\" data-widget_type=\"image.default\">\n\t\t\t\t<div class=\"elementor-widget-container\">\n\t\t\t\t\t\t\t\t\t\t\t\t\t\t\t<img fetchpriority=\"high\" decoding=\"async\" width=\"311\" height=\"189\" src=\"https:\/\/skladniearchaiczny.pl\/wp-content\/uploads\/2025\/03\/LOGO-SKLAD-NIEARCHAICZNY-e1743540809410-137x83.png\" class=\"attachment-large size-large wp-image-789\" alt=\"\" srcset=\"https:\/\/skladniearchaiczny.pl\/wp-content\/uploads\/2025\/03\/LOGO-SKLAD-NIEARCHAICZNY-e1743540809410.png 311w, https:\/\/skladniearchaiczny.pl\/wp-content\/uploads\/2025\/03\/LOGO-SKLAD-NIEARCHAICZNY-e1743540809410-300x182.png 300w, https:\/\/skladniearchaiczny.pl\/wp-content\/uploads\/2025\/03\/LOGO-SKLAD-NIEARCHAICZNY-e1743540809410-137x83.png 137w\" sizes=\"(max-width: 311px) 100vw, 311px\" \/>\t\t\t\t\t\t\t\t\t\t\t\t\t\t\t<\/div>\n\t\t\t\t<\/div>\n\t\t\t\t\t<\/div>\n\t\t\t\t<\/div>\n\t\t\t\t<\/div>\n\t\t","protected":false},"excerpt":{"rendered":"<p>Sk\u0142ad Niearchaiczny Muzyka Sk\u0142adu Niearchaicznego to esencja beskidzkich przestrzeni: rozleg\u0142ych, swobodnych i pe\u0142nych kontrast\u00f3w. To pr\u00f3ba uchwycenia ducha g\u00f3rskiego krajobrazu. [&hellip;]<\/p>\n","protected":false},"author":1,"featured_media":0,"parent":0,"menu_order":0,"comment_status":"closed","ping_status":"closed","template":"","meta":{"site-sidebar-layout":"default","site-content-layout":"","ast-site-content-layout":"","site-content-style":"default","site-sidebar-style":"default","ast-global-header-display":"","ast-banner-title-visibility":"","ast-main-header-display":"","ast-hfb-above-header-display":"","ast-hfb-below-header-display":"","ast-hfb-mobile-header-display":"","site-post-title":"","ast-breadcrumbs-content":"","ast-featured-img":"","footer-sml-layout":"","theme-transparent-header-meta":"","adv-header-id-meta":"","stick-header-meta":"","header-above-stick-meta":"","header-main-stick-meta":"","header-below-stick-meta":"","astra-migrate-meta-layouts":"default","ast-page-background-enabled":"default","ast-page-background-meta":{"desktop":{"background-color":"var(--ast-global-color-5)","background-image":"","background-repeat":"repeat","background-position":"center center","background-size":"auto","background-attachment":"scroll","background-type":"","background-media":"","overlay-type":"","overlay-color":"","overlay-opacity":"","overlay-gradient":""},"tablet":{"background-color":"","background-image":"","background-repeat":"repeat","background-position":"center center","background-size":"auto","background-attachment":"scroll","background-type":"","background-media":"","overlay-type":"","overlay-color":"","overlay-opacity":"","overlay-gradient":""},"mobile":{"background-color":"","background-image":"","background-repeat":"repeat","background-position":"center center","background-size":"auto","background-attachment":"scroll","background-type":"","background-media":"","overlay-type":"","overlay-color":"","overlay-opacity":"","overlay-gradient":""}},"ast-content-background-meta":{"desktop":{"background-color":"var(--ast-global-color-4)","background-image":"","background-repeat":"repeat","background-position":"center center","background-size":"auto","background-attachment":"scroll","background-type":"","background-media":"","overlay-type":"","overlay-color":"","overlay-opacity":"","overlay-gradient":""},"tablet":{"background-color":"var(--ast-global-color-4)","background-image":"","background-repeat":"repeat","background-position":"center center","background-size":"auto","background-attachment":"scroll","background-type":"","background-media":"","overlay-type":"","overlay-color":"","overlay-opacity":"","overlay-gradient":""},"mobile":{"background-color":"var(--ast-global-color-4)","background-image":"","background-repeat":"repeat","background-position":"center center","background-size":"auto","background-attachment":"scroll","background-type":"","background-media":"","overlay-type":"","overlay-color":"","overlay-opacity":"","overlay-gradient":""}},"footnotes":""},"class_list":["post-504","page","type-page","status-publish","hentry"],"_links":{"self":[{"href":"https:\/\/skladniearchaiczny.pl\/index.php?rest_route=\/wp\/v2\/pages\/504","targetHints":{"allow":["GET"]}}],"collection":[{"href":"https:\/\/skladniearchaiczny.pl\/index.php?rest_route=\/wp\/v2\/pages"}],"about":[{"href":"https:\/\/skladniearchaiczny.pl\/index.php?rest_route=\/wp\/v2\/types\/page"}],"author":[{"embeddable":true,"href":"https:\/\/skladniearchaiczny.pl\/index.php?rest_route=\/wp\/v2\/users\/1"}],"replies":[{"embeddable":true,"href":"https:\/\/skladniearchaiczny.pl\/index.php?rest_route=%2Fwp%2Fv2%2Fcomments&post=504"}],"version-history":[{"count":285,"href":"https:\/\/skladniearchaiczny.pl\/index.php?rest_route=\/wp\/v2\/pages\/504\/revisions"}],"predecessor-version":[{"id":1316,"href":"https:\/\/skladniearchaiczny.pl\/index.php?rest_route=\/wp\/v2\/pages\/504\/revisions\/1316"}],"wp:attachment":[{"href":"https:\/\/skladniearchaiczny.pl\/index.php?rest_route=%2Fwp%2Fv2%2Fmedia&parent=504"}],"curies":[{"name":"wp","href":"https:\/\/api.w.org\/{rel}","templated":true}]}}